
-9
Let n(f) = f**2 + 26*f + 97. Give n(-18).
-47
Let f(z) = z**2 + 13*z + 15. What is f(-12)?
3
Let p(d) = d - 23. Give p(14).
-9
Let f(g) = g**3 + 18*g**2 + 13*g - 72. Give f(-17).
-4
Let k(d) = -2*d + 10. Calculate k(6).
-2
Let c(b) = -b**3 + 7*b**2 - 16*b + 7. Give c(2).
-5
Let a(x) = 2*x**3 + 3*x**2 + 2*x - 1. Give a(-3).
-34
Let p(l) = -12*l**2 - l. What is p(-1)?
-11
Let j(r) = -18*r + 316. Give j(18).
-8
Let c(a) = 28*a - 167. Calculate c(6).
1
Let b(i) = 10*i + 37. Determine b(-6).
-23
Let p(i) = i**2 - 20*i - 2. Calculate p(19).
-21
Let p(w) = w**2 + 11*w + 8. Give p(-7).
-20
Let p(i) = i**2 + 5*i + 5. Determine p(-5).
5
Let s(z) = -11*z + 68. Calculate s(7).
-9
Let q(g) = -g**3 - 4*g**2 - 3*g + 7. Calculate q(-3).
7
Let a(p) = 3*p - 1. What is a(0)?
-1
Let k(m) = 5*m + 226. Determine k(-44).
6
Let g(m) = -m - 6. Give g(9).
-15
Let n(u) = u + 16. Give n(-29).
-13
Let z(j) = 14*j - 347. Give z(25).
3
Let y(k) = -k**3 + 21*k**2 + 2*k - 106. Calculate y(21).
-64
Let p(h) = -h**2 + 11*h - 15. Give p(10).
-5
Let c(i) = -2*i**2 + 2*i + 1. Calculate c(2).
-3
Let o(n) = -n**2 - 4*n + 9. Give o(-7).
-12
Let i(o) = 3*o**2 + 9. Calculate i(6).
117
Let i(q) = 26*q + 35. Give i(-2).
-17
Let o(z) = -4*z + 1. Calculate o(-1).
5
Let d(q) = -23*q + 309. Calculate d(13).
10
Let b(k) = -k**3 + 5*k**2 - k - 7. What is b(5)?
-12
Let t(l) = 11*l - 433. Calculate t(39).
-4
Let s(j) = j - 76. Determine s(55).
-21
Let z(w) = w**3 + 6*w**2 - 3*w - 11. What is z(-6)?
7
Let r(s) = -9*s**2 + 1. What is r(-1)?
-8
Let a(i) = -9*i**3 - i**2 + i - 1. Calculate a(1).
-10
Let a(r) = 3*r. Determine a(3).
9
Let g(v) = v**3 + 9*v**2 - 3*v - 5. Give g(-9).
22
Let k(i) = -2*i - 36. What is k(-16)?
-4
Let t(y) = -y**3 - y**2 - 4*y. What is t(-3)?
30
Let j(v) = v - 33. What is j(11)?
-22
Let l(a) = 2*a - 10. Give l(7).
4
Let q(l) = -l**3 - 16*l**2 + 21. Give q(-16).
21
Let j(n) = 2*n**3 + 11*n**2 - 237*n + 9. Calculate j(-14).
-5
Let r(k) = -k**2 + 15*k + 14. What is r(16)?
-2
Let q(z) = -2*z**2 - 7*z + 8. Calculate q(-6).
-22
Let z(s) = -s - 10. Determine z(-1).
-9
Let s(v) = -v - 3. Calculate s(5).
-8
Let o(l) = l**3 + l**2 - 5*l + 7. What is o(-3)?
4
Let u(f) = -54*f - 1239. Determine u(-23).
3
Let q(h) = -h**2 + 6*h + 2. Calculate q(8).
-14
Let s(k) = -k**3 - 6*k**2 - 2*k + 9. Determine s(-5).
-6
Let m(v) = v**2 - 9*v - 16. Give m(10).
-6
Let q(g) = -g**3 - 6*g**2 - 4*g + 1. Give q(-5).
-4
Let j(b) = b - 3. What is j(5)?
2
Let w(y) = -y**3 - 2*y**2 + 6*y + 4. Give w(-4).
12
Let f(m) = m**2 + 7*m - 4. Calculate f(-7).
-4
Let u(g) = -2*g**2 + 5*g - 2. Determine u(3).
-5
Let v(r) = r**2 + r + 37. Determine v(0).
37
Let o(z) = 7*z**3 + z**2 - z - 1. What is o(-2)?
-51
Let q(m) = -84*m + 3. Calculate q(2).
-165
Let f(t) = -7*t + 2. Give f(4).
-26
Let q(u) = -53*u - 55. Give q(-1).
-2
Let w(z) = z**2 + 20*z - 49. What is w(-22)?
-5
Let m(c) = 74*c**3 + c**2 + 2*c + 1. What is m(-1)?
-74
Let t(w) = w**3 - 6*w**2 + 4*w - 6. Give t(4).
-22
Let g(z) = z**2 + 4*z - 1. Determine g(-7).
20
Let v(c) = 2*c**2 + 12*c - 2. What is v(-6)?
-2
Let f(p) = 2*p - 34. Calculate f(6).
-22
Let s(h) = 2*h + 2. Determine s(-6).
-10
Let i(q) = 5*q**2 - 16*q - 6. Determine i(3).
-9
Let b(c) = -4*c**2 - 2*c - 1. What is b(-1)?
-3
Let u(j) = j**3 - 9*j**2 - 6*j - 6. What is u(10)?
34
Let i(l) = 8*l + 1. Give i(-1).
-7
Let o(q) = q**2 - 16*q - 31. Give o(17).
-14
Let m(z) = z**3 - 12*z**2 + 7*z + 15. What is m(11)?
-29
Let u(h) = -h**2 + 14. Calculate u(5).
-11
Let x(s) = 2*s - 25. Give x(7).
-11
Let c(i) = 3*i**3 - i**2 - i + 1. What is c(1)?
2
Let c(y) = -y**3 + 5*y**2 + y + 6. Give c(7).
-85
Let m(o) = -3*o + 6. Give m(6).
-12
Let w(z) = -4*z**3 - 7*z**2 + 19*z + 3. What is w(-3)?
-9
Let p(k) = k**3 + 5*k**2 + 6. Determine p(-5).
6
Let i(f) = f**2 + 4*f + 1. Calculate i(-4).
1
Let d(y) = -25*y**3 + 2*y**2 - 3*y + 2. Calculate d(1).
-24
Let a(l) = -l**2 - 8*l - 12. What is a(-6)?
0
Let t(c) = c**3 - 6*c**2 + c + 14. Give t(5).
-6
Let q(h) = h**2 + 2*h - 41. Determine q(8).
39
Let q(g) = -8*g - 53. What is q(-5)?
-13
Let j(v) = -2*v**2 + 7*v - 7. What is j(4)?
-11
Let m(c) = -c**2 - 11*c. Give m(-10).
10
Let w(l) = -l**2 - 2*l + 29. What is w(0)?
29
Let b(o) = -18*o + 14. Calculate b(-1).
32
Let s(y) = -4*y**3 + 2*y**2 + 13*y + 3. Give s(4).
-169
Let g(x) = -4*x - 7. Calculate g(-5).
13
Let z(k) = -k**3 - 13*k**2 - 22*k - 6. Calculate z(-11).
-6
Let y(n) = -n**2 - 14*n - 30. Give y(-13).
-17
Let h(a) = a**2 + 22*a + 119. Give h(-8).
7
Let x(n) = n**2 + 18*n + 44. Give x(-15).
-1
Let v(r) = -r**3 - 8*r**2 + 10*r + 3. What is v(-9)?
-6
Let w(p) = -6*p**3 - 3*p**2 - p + 6. Give w(-2).
44
Let d(o) = 17*o + 39. Give d(-10).
-131
Let s(r) = r**2 - r - 3. Calculate s(3).
3
Let u(x) = x**3 - 5*x**2 - 4*x - 10. Determine u(7).
60
Let o(p) = -10*p + 7. Calculate o(-4).
47
Let x(s) = s**3 - 32*s**2 + 32*s - 53. Calculate x(31).
-22
Let s(x) = x**3 - 3*x**2 + 3*x - 3. Give s(2).
-1
Let b(u) = u**2 - 11*u - 7. Give b(11).
-7
Let o(v) = 3*v + 8. Calculate o(0).
8
Let v(y) = -2*y**3 + 6*y**2 + 4*y + 3. Give v(3).
15
Let z(r) = -18*r + 2. What is z(-3)?
56
Let h(y) = -y**3 - 21*y**2 - 83*y - 35. Calculate h(-16).
13
Let z(j) = -j**3 + 25*j + 2. Calculate z(5).
2
Let f(z) = -z**3 + 37*z**2 - 6. Calculate f(37).
-6
Let o(x) = 6*x**3 + x**2 + 2*x. Determine o(-2).
-48
Let i(z) = z**3 + 16*z**2 - 16*z + 11. Give i(-17).
-6
Let k(a) = -a**3 + 4*a**2 + 4*a - 26. Determine k(5).
-31
Let c(b) = 3*b - 10. Give c(2).
-4
Let a(w) = 65*w**3 - w**2. Calculate a(1).
64
Let k(a) = -32*a + 163. Calculate k(5).
3
Let w(d) = -d**3 - 8*d**2 + 4*d + 4. Determine w(-8).
-28
Let c(f) = -13*f + 14. What is c(2)?
-12
Let z(q) = q**3 + 5*q**2 - 14*q + 5. What is z(-7)?
5
Let d(v) = 7*v - 89. What is d(8)?
-33
Let j(k) = 5*k - 72. Calculate j(12).
-12
Let t(n) = n**3 + n**2 - n. What is t(1)?
1
Let n(l) = -57*l + 398. What is n(7)?
-1
Let y(p) = 10*p + 2. Give y(3).
32
Let f(p) = 3*p**2 + p - 1. Determine f(5).
79
Let o(h) = -7*h - 26. What is o(-11)?
51
Let h(x) = -2*x**3 + 2*x**2 + 9*x + 5. Determine h(-3).
50
Let s(o) = -7*o + 4. Give s(-2).
18
Let i(m) = m - 2. Calculate i(7).
5
Let f(p) = -6*p**3 + p**2 - p - 2. Determine f(-1).
6
Let c(r) = r**2 - 9*r - 26. Determine c(11).
-4
Let c(w) = w**2 - 2*w - 45. Determine c(7).
-10
Let w(u) = u**2 - 8*u - 7. Give w(9).
2
Let m(d) = 2*d + 8. What is m(-6)?
-4
Let r(f) = f**2 + 6*f + 24. What is r(-8)?
40
Let j(f) = 4*f + 15. Give j(0).
15
Let c(w) = w**2 - 13*w - 16. Give c(12).
-28
Let d(t) = 7*t + 11. Give d(-9).
-52
Let q(j) = j**3 - 2*j**2 - 2*j - 14. Determine q(5).
51
Let t(u) = u**3 + 14*u**2 - 15*u + 8. What is t(-15)?
8
Let j(r) = r**3 + 3*r**2 - 5*r. Calculate j(-5).
-25
Let c(n) = -n**3 - 7*n**2 + 15*n + 109. What is c(-4)?
1
Let m(c) = 12*c**2 - 4*c - 7. Calculate m(-2).
49
Let g(m) = -m**2 - 6*m + 66. What is g(-12)?
-6
Let t(x) = -x**3 - 2*x**2 + 2*x - 11. Calculate t(-5).
54
Let s(y) = -y**3 + 10*y**2 - 11*y - 34. What is s(8)?
6
Let v(s) = -s - 3. What is v(-1)?
-2
Let k(v) = -22*v**2 + 3*v - 2. Determine k(1).
-21
Let m(x) = x**3 - 20*x**2 + 35*x + 39. What is m(18)?
21
Let y(i) = -i**3 + 7*i**2 - 10*i - 6. Determine y(5).
-6
Let t(u) = u**2 + 13*u - 26. Calculate t(4).
42
Let m(v) = 11*v - 4. Determine m(-2).
-26
Let o(w) = -w + 44. Give o(0).
44
Let w(n) = -n**3 + n**2 + 10*n - 1. Give w(6).
-121
Let m(d) = -2*d**2 - 25*d + 17. Calculate m(-13).
4
Let w(h) = 2*h**2 + 18*h + 7. What is w(-8)?
-9
Let n(t) = -t**3 + 11*t**2 - 3*t + 14. Determine n(11).
-19
Let i(p) = -p**3 + 7*p**2 - 11*p - 6. Calculate i(4).
-2
Let b(a) = -8*a**2 - 4*a - 13. Calculate b(-2).
-37
Let y(o) = o**3 + 11*o**2 - 27*o - 12. Give y(-13).
1
Let f(h) = -277*h - 3045. What is f(-11)?
2
Let p(o) = -o**3 - 28*o**2 + 32*o + 92. Determine p(-29).
5
Let x(g) = -g**2 - 12*g + 4. Determine x(5).
-81
Let f(v) = -21*v + 86. Calculate f(4).
2
Let u(m) = 5*m + 15. Give u(-3).
0
Let b(j) = j**2 - 5*j - 121. Give b(-8).
-17
Let h(f) = f**2 + 3*f - 38. Determine h(0).
-38
Let b(o) = -o**3 + 5*o**2 + 7*o - 15. Calculate b(7).
-64
Let y(i) = -i**3 + 4*i**2 - i - 4. Give y(3).
2
Let y(s) = -7*s**3 - 1. What is y(-1)?
6
Let h(v) = 2*v - 29. Determine h(0).
-29
Let h(d) = -2*d - 7. Determine h(-8).
9
Let s(w) = -w - 5. C